{"id":8242,"date":"2024-06-18T17:23:52","date_gmt":"2024-06-18T17:23:52","guid":{"rendered":"https:\/\/askarzeznik.pl\/sklep\/?post_type=product&#038;p=8242"},"modified":"2025-12-02T00:16:37","modified_gmt":"2025-12-02T00:16:37","slug":"videoszkolenie","status":"publish","type":"product","link":"https:\/\/askarzeznik.pl\/sklep\/produkt\/videoszkolenie\/","title":{"rendered":"Video szkolenie &#8222;Mamo, dlaczego nie jemy mi\u0119sa?&#8221;"},"content":{"rendered":"<p>Video szkolenie dla rodzic\u00f3w o tym, jak empatycznie i bez oceniania rozmawia\u0107 z dzie\u0107mi o wegetarianizmie. Zapis video oraz osobno plik audio &#8211; rozmowa z psycholo\u017ck\u0105 dzieci\u0119c\u0105 Katarzyn\u0105 Szewczyk (dzieciolo\u017cka.pl).<\/p>\n<p>Dowiesz si\u0119 z niej m.in.<\/p>\n<ul>\n<li>jak rozmawia\u0107 z dzieckiem o tym, dlaczego u nas w domu nie jemy mi\u0119sa albo dlaczego tylko jeden z rodzic\u00f3w je mi\u0119so<\/li>\n<li>co m\u00f3wi\u0107, gdy dziecko dopytuje, czemu inne osoby (np. dziadkowie) jedz\u0105 mi\u0119so<\/li>\n<li>jak reagowa\u0107, kiedy inne osoby pr\u00f3buj\u0105 nam\u00f3wi\u0107 twoje dziecko do z\u0142amania waszych rodzinnych zasad od\u017cywiania<\/li>\n<li>jak dostosowa\u0107 s\u0142ownictwo i wiedz\u0119 do wieku dziecka<\/li>\n<li>jak uwra\u017cliwi\u0107 dziecko na dobro zwierz\u0105t, aby nie powtarza\u0142o \u015blepo zasad z domu, tylko naprawd\u0119 rozumia\u0142o, czemu wybieracie rezygnacj\u0119 z mi\u0119sa i by samo r\u00f3wnie\u017c chcia\u0142o wyra\u0107 tak\u0105 diet\u0119<\/li>\n<\/ul>\n<p>Od razu po zakupie otrzymasz dost\u0119p do plik\u00f3w do pobrania &#8211; audio (mp3 b\u0105d\u017a do wyboru mp4 do s\u0142uchania) i video (format mp4).<\/p>\n","protected":false},"excerpt":{"rendered":"<p>Video szkolenie dla rodzic\u00f3w o tym, jak empatycznie i bez oceniania rozmawia\u0107 z dzie\u0107mi o wegetarianizmie. Zapis video oraz osobno plik audio &#8211; rozmowa z psycholo\u017ck\u0105 dzieci\u0119c\u0105 Katarzyn\u0105 Szewczyk (dzieciolo\u017cka.pl).<\/p>\n<p>Dowiesz si\u0119 z niej m.in.<\/p>\n<ul>\n<li>jak rozmawia\u0107 z dzieckiem o tym, dlaczego u nas w domu nie jemy mi\u0119sa albo dlaczego tylko jeden z rodzic\u00f3w je mi\u0119so<\/li>\n<li>co m\u00f3wi\u0107, gdy dziecko dopytuje, czemu inne osoby (np. dziadkowie) jedz\u0105 mi\u0119so<\/li>\n<li>jak reagowa\u0107, kiedy inne osoby pr\u00f3buj\u0105 nam\u00f3wi\u0107 twoje dziecko do z\u0142amania waszych rodzinnych zasad od\u017cywiania<\/li>\n<li>jak dostosowa\u0107 s\u0142ownictwo i wiedz\u0119 do wieku dziecka<\/li>\n<li>jak uwra\u017cliwi\u0107 dziecko na dobro zwierz\u0105t, aby nie powtarza\u0142o \u015blepo zasad z domu, tylko naprawd\u0119 rozumia\u0142o, czemu wybieracie rezygnacj\u0119 z mi\u0119sa i by samo r\u00f3wnie\u017c chcia\u0142o wyra\u0107 tak\u0105 diet\u0119<\/li>\n<\/ul>\n<p>Od razu po zakupie otrzymasz dost\u0119p do plik\u00f3w do pobrania &#8211; audio (mp3 b\u0105d\u017a do wyboru mp4 do s\u0142uchania) i video (format mp4).<\/p>\n","protected":false},"featured_media":8243,"comment_status":"open","ping_status":"closed","template":"","meta":[],"product_cat":[53,56],"product_tag":[],"yoast_head":"<!-- This site is optimized with the Yoast SEO plugin v20.9 - https:\/\/yoast.com\/wordpress\/plugins\/seo\/ -->\n<title>Video szkolenie &quot;Mamo, dlaczego nie jemy mi\u0119sa?&quot; &ndash; SMART VEGAN<\/title>\n<meta name=\"description\" content=\"Proste wega\u0144skie przepisy dla ca\u0142ej rodziny, r\u00f3wnie\u017c dla dzieci, od pocz\u0105tku rozszerzania diety. Nie tylko zreszt\u0105 dla wege dzieci, ale te\u017c dla alergik\u00f3w.\" \/>\n<meta name=\"robots\" content=\"index, follow, max-snippet:-1, max-image-preview:large, max-video-preview:-1\" \/>\n<link rel=\"canonical\" href=\"https:\/\/askarzeznik.pl\/sklep\/produkt\/videoszkolenie\/\" \/>\n<meta property=\"og:locale\" content=\"pl_PL\" \/>\n<meta property=\"og:type\" content=\"article\" \/>\n<meta property=\"og:title\" content=\"Video szkolenie &quot;Mamo, dlaczego nie jemy mi\u0119sa?&quot; &ndash; SMART VEGAN\" \/>\n<meta property=\"og:description\" content=\"Proste wega\u0144skie przepisy dla ca\u0142ej rodziny, r\u00f3wnie\u017c dla dzieci, od pocz\u0105tku rozszerzania diety. Nie tylko zreszt\u0105 dla wege dzieci, ale te\u017c dla alergik\u00f3w.\" \/>\n<meta property=\"og:url\" content=\"https:\/\/askarzeznik.pl\/sklep\/produkt\/videoszkolenie\/\" \/>\n<meta property=\"og:site_name\" content=\"SMART VEGAN\" \/>\n<meta property=\"article:publisher\" content=\"https:\/\/www.facebook.com\/mortycjacom\" \/>\n<meta property=\"article:modified_time\" content=\"2025-12-02T00:16:37+00:00\" \/>\n<meta property=\"og:image\" content=\"https:\/\/askarzeznik.pl\/sklep\/wp-content\/uploads\/2024\/06\/Mamo-dlaczego-nie-jemy-miesa.png\" \/>\n\t<meta property=\"og:image:width\" content=\"1414\" \/>\n\t<meta property=\"og:image:height\" content=\"2000\" \/>\n\t<meta property=\"og:image:type\" content=\"image\/png\" \/>\n<meta name=\"twitter:card\" content=\"summary_large_image\" \/>\n<meta name=\"twitter:label1\" content=\"Szacowany czas czytania\" \/>\n\t<meta name=\"twitter:data1\" content=\"1 minuta\" \/>\n<script type=\"application\/ld+json\" class=\"yoast-schema-graph\">{\"@context\":\"https:\/\/schema.org\",\"@graph\":[{\"@type\":\"WebPage\",\"@id\":\"https:\/\/askarzeznik.pl\/sklep\/produkt\/videoszkolenie\/\",\"url\":\"https:\/\/askarzeznik.pl\/sklep\/produkt\/videoszkolenie\/\",\"name\":\"Video szkolenie \\\"Mamo, dlaczego nie jemy mi\u0119sa?\\\" &ndash; SMART VEGAN\",\"isPartOf\":{\"@id\":\"https:\/\/askarzeznik.pl\/sklep\/#website\"},\"datePublished\":\"2024-06-18T17:23:52+00:00\",\"dateModified\":\"2025-12-02T00:16:37+00:00\",\"description\":\"Proste wega\u0144skie przepisy dla ca\u0142ej rodziny, r\u00f3wnie\u017c dla dzieci, od pocz\u0105tku rozszerzania diety. Nie tylko zreszt\u0105 dla wege dzieci, ale te\u017c dla alergik\u00f3w.\",\"breadcrumb\":{\"@id\":\"https:\/\/askarzeznik.pl\/sklep\/produkt\/videoszkolenie\/#breadcrumb\"},\"inLanguage\":\"pl-PL\",\"potentialAction\":[{\"@type\":\"ReadAction\",\"target\":[\"https:\/\/askarzeznik.pl\/sklep\/produkt\/videoszkolenie\/\"]}]},{\"@type\":\"BreadcrumbList\",\"@id\":\"https:\/\/askarzeznik.pl\/sklep\/produkt\/videoszkolenie\/#breadcrumb\",\"itemListElement\":[{\"@type\":\"ListItem\",\"position\":1,\"name\":\"Strona g\u0142\u00f3wna\",\"item\":\"https:\/\/askarzeznik.pl\/sklep\/\"},{\"@type\":\"ListItem\",\"position\":2,\"name\":\"Home\",\"item\":\"https:\/\/askarzeznik.pl\/sklep\/\"},{\"@type\":\"ListItem\",\"position\":3,\"name\":\"Video szkolenie &#8222;Mamo, dlaczego nie jemy mi\u0119sa?&#8221;\"}]},{\"@type\":\"WebSite\",\"@id\":\"https:\/\/askarzeznik.pl\/sklep\/#website\",\"url\":\"https:\/\/askarzeznik.pl\/sklep\/\",\"name\":\"SMART VEGAN\",\"description\":\"Wykorzystaj sw\u00f3j spryt w kuchni ro\u015blinnej\",\"publisher\":{\"@id\":\"https:\/\/askarzeznik.pl\/sklep\/#organization\"},\"potentialAction\":[{\"@type\":\"SearchAction\",\"target\":{\"@type\":\"EntryPoint\",\"urlTemplate\":\"https:\/\/askarzeznik.pl\/sklep\/?s={search_term_string}\"},\"query-input\":\"required name=search_term_string\"}],\"inLanguage\":\"pl-PL\"},{\"@type\":\"Organization\",\"@id\":\"https:\/\/askarzeznik.pl\/sklep\/#organization\",\"name\":\"A\u015bka Rze\u017anik - blogerka wega\u0144ska\",\"url\":\"https:\/\/askarzeznik.pl\/sklep\/\",\"logo\":{\"@type\":\"ImageObject\",\"inLanguage\":\"pl-PL\",\"@id\":\"https:\/\/askarzeznik.pl\/sklep\/#\/schema\/logo\/image\/\",\"url\":\"https:\/\/askarzeznik.pl\/sklep\/wp-content\/uploads\/2020\/03\/logo.png\",\"contentUrl\":\"https:\/\/askarzeznik.pl\/sklep\/wp-content\/uploads\/2020\/03\/logo.png\",\"width\":575,\"height\":137,\"caption\":\"A\u015bka Rze\u017anik - blogerka wega\u0144ska\"},\"image\":{\"@id\":\"https:\/\/askarzeznik.pl\/sklep\/#\/schema\/logo\/image\/\"},\"sameAs\":[\"https:\/\/www.facebook.com\/mortycjacom\",\"https:\/\/www.instagram.com\/askarzeznik\/\"]}]}<\/script>\n<!-- \/ Yoast SEO plugin. -->","yoast_head_json":{"title":"Video szkolenie \"Mamo, dlaczego nie jemy mi\u0119sa?\" &ndash; SMART VEGAN","description":"Proste wega\u0144skie przepisy dla ca\u0142ej rodziny, r\u00f3wnie\u017c dla dzieci, od pocz\u0105tku rozszerzania diety. Nie tylko zreszt\u0105 dla wege dzieci, ale te\u017c dla alergik\u00f3w.","robots":{"index":"index","follow":"follow","max-snippet":"max-snippet:-1","max-image-preview":"max-image-preview:large","max-video-preview":"max-video-preview:-1"},"canonical":"https:\/\/askarzeznik.pl\/sklep\/produkt\/videoszkolenie\/","og_locale":"pl_PL","og_type":"article","og_title":"Video szkolenie \"Mamo, dlaczego nie jemy mi\u0119sa?\" &ndash; SMART VEGAN","og_description":"Proste wega\u0144skie przepisy dla ca\u0142ej rodziny, r\u00f3wnie\u017c dla dzieci, od pocz\u0105tku rozszerzania diety. Nie tylko zreszt\u0105 dla wege dzieci, ale te\u017c dla alergik\u00f3w.","og_url":"https:\/\/askarzeznik.pl\/sklep\/produkt\/videoszkolenie\/","og_site_name":"SMART VEGAN","article_publisher":"https:\/\/www.facebook.com\/mortycjacom","article_modified_time":"2025-12-02T00:16:37+00:00","og_image":[{"width":1414,"height":2000,"url":"https:\/\/askarzeznik.pl\/sklep\/wp-content\/uploads\/2024\/06\/Mamo-dlaczego-nie-jemy-miesa.png","type":"image\/png"}],"twitter_card":"summary_large_image","twitter_misc":{"Szacowany czas czytania":"1 minuta"},"schema":{"@context":"https:\/\/schema.org","@graph":[{"@type":"WebPage","@id":"https:\/\/askarzeznik.pl\/sklep\/produkt\/videoszkolenie\/","url":"https:\/\/askarzeznik.pl\/sklep\/produkt\/videoszkolenie\/","name":"Video szkolenie \"Mamo, dlaczego nie jemy mi\u0119sa?\" &ndash; SMART VEGAN","isPartOf":{"@id":"https:\/\/askarzeznik.pl\/sklep\/#website"},"datePublished":"2024-06-18T17:23:52+00:00","dateModified":"2025-12-02T00:16:37+00:00","description":"Proste wega\u0144skie przepisy dla ca\u0142ej rodziny, r\u00f3wnie\u017c dla dzieci, od pocz\u0105tku rozszerzania diety. Nie tylko zreszt\u0105 dla wege dzieci, ale te\u017c dla alergik\u00f3w.","breadcrumb":{"@id":"https:\/\/askarzeznik.pl\/sklep\/produkt\/videoszkolenie\/#breadcrumb"},"inLanguage":"pl-PL","potentialAction":[{"@type":"ReadAction","target":["https:\/\/askarzeznik.pl\/sklep\/produkt\/videoszkolenie\/"]}]},{"@type":"BreadcrumbList","@id":"https:\/\/askarzeznik.pl\/sklep\/produkt\/videoszkolenie\/#breadcrumb","itemListElement":[{"@type":"ListItem","position":1,"name":"Strona g\u0142\u00f3wna","item":"https:\/\/askarzeznik.pl\/sklep\/"},{"@type":"ListItem","position":2,"name":"Home","item":"https:\/\/askarzeznik.pl\/sklep\/"},{"@type":"ListItem","position":3,"name":"Video szkolenie &#8222;Mamo, dlaczego nie jemy mi\u0119sa?&#8221;"}]},{"@type":"WebSite","@id":"https:\/\/askarzeznik.pl\/sklep\/#website","url":"https:\/\/askarzeznik.pl\/sklep\/","name":"SMART VEGAN","description":"Wykorzystaj sw\u00f3j spryt w kuchni ro\u015blinnej","publisher":{"@id":"https:\/\/askarzeznik.pl\/sklep\/#organization"},"potentialAction":[{"@type":"SearchAction","target":{"@type":"EntryPoint","urlTemplate":"https:\/\/askarzeznik.pl\/sklep\/?s={search_term_string}"},"query-input":"required name=search_term_string"}],"inLanguage":"pl-PL"},{"@type":"Organization","@id":"https:\/\/askarzeznik.pl\/sklep\/#organization","name":"A\u015bka Rze\u017anik - blogerka wega\u0144ska","url":"https:\/\/askarzeznik.pl\/sklep\/","logo":{"@type":"ImageObject","inLanguage":"pl-PL","@id":"https:\/\/askarzeznik.pl\/sklep\/#\/schema\/logo\/image\/","url":"https:\/\/askarzeznik.pl\/sklep\/wp-content\/uploads\/2020\/03\/logo.png","contentUrl":"https:\/\/askarzeznik.pl\/sklep\/wp-content\/uploads\/2020\/03\/logo.png","width":575,"height":137,"caption":"A\u015bka Rze\u017anik - blogerka wega\u0144ska"},"image":{"@id":"https:\/\/askarzeznik.pl\/sklep\/#\/schema\/logo\/image\/"},"sameAs":["https:\/\/www.facebook.com\/mortycjacom","https:\/\/www.instagram.com\/askarzeznik\/"]}]}},"_links":{"self":[{"href":"https:\/\/askarzeznik.pl\/sklep\/wp-json\/wp\/v2\/product\/8242"}],"collection":[{"href":"https:\/\/askarzeznik.pl\/sklep\/wp-json\/wp\/v2\/product"}],"about":[{"href":"https:\/\/askarzeznik.pl\/sklep\/wp-json\/wp\/v2\/types\/product"}],"replies":[{"embeddable":true,"href":"https:\/\/askarzeznik.pl\/sklep\/wp-json\/wp\/v2\/comments?post=8242"}],"wp:featuredmedia":[{"embeddable":true,"href":"https:\/\/askarzeznik.pl\/sklep\/wp-json\/wp\/v2\/media\/8243"}],"wp:attachment":[{"href":"https:\/\/askarzeznik.pl\/sklep\/wp-json\/wp\/v2\/media?parent=8242"}],"wp:term":[{"taxonomy":"product_cat","embeddable":true,"href":"https:\/\/askarzeznik.pl\/sklep\/wp-json\/wp\/v2\/product_cat?post=8242"},{"taxonomy":"product_tag","embeddable":true,"href":"https:\/\/askarzeznik.pl\/sklep\/wp-json\/wp\/v2\/product_tag?post=8242"}],"curies":[{"name":"wp","href":"https:\/\/api.w.org\/{rel}","templated":true}]}}