{"id":4538,"date":"2022-09-07T08:55:50","date_gmt":"2022-09-07T08:55:50","guid":{"rendered":"https:\/\/askarzeznik.pl\/sklep\/?post_type=product&#038;p=4538"},"modified":"2025-12-02T00:16:37","modified_gmt":"2025-12-02T00:16:37","slug":"ebook-weganizm-to-proste","status":"publish","type":"product","link":"https:\/\/askarzeznik.pl\/sklep\/produkt\/ebook-weganizm-to-proste\/","title":{"rendered":"Ebook &#8222;Weganizm? To proste!&#8221;"},"content":{"rendered":"","protected":false},"excerpt":{"rendered":"<p>To nowa, baaaardzo mocno zaktualizowana wersja mojej pierwszej\u00a0 ksi\u0105\u017cki &#8222;SMART VEGAN Wykorzystaj sw\u00f3j spryt w kuchni ro\u015blinnej&#8221; (tej \u017c\u00f3\u0142tej) &#8211; po\u0142\u0105czenia poradnika\/instrukcji weganizmu i ksi\u0105\u017cki kucharskiej. Tutaj w wersji cyforwej (ebook &#8211; format PDF oraz mobi, czyli na czytnik)<\/p>\n<p>Na ebooka sk\u0142adaj\u0105 si\u0119&#8230;<br \/>\n1\ufe0f\u20e3 Cz\u0119\u015b\u0107 poradnikowa:<br \/>\nPrawie 200 stron o tym, jak bez frustracji i w zgodzie ze sob\u0105 przej\u015b\u0107 na weganizm lub ograniczy\u0107 produkty odzwierz\u0119ce, je\u015bli nie jeste\u015b jeszcze gotowa na pe\u0142ny weganizm. Musz\u0119 zaznaczy\u0107, \u017ce nie ma jednej z\u0142otej recepty na sukces w tej kwestii, ale z moj\u0105 ksi\u0105\u017ck\u0105 u\u0142o\u017cysz sobie skrojony pod siebie i swoje \u017cyciowe warunki i ograniczenia plan.<\/p>\n<p>2\ufe0f\u20e3 Przepisy<br \/>\n&#8211; ponad 100 przepis\u00f3w<br \/>\n&#8211; kategorie: przepisy podstawowe, \u015bniadania, na chleb, zupy, obiad, s\u0142odko\u015bci, napoje<br \/>\n&#8211; proste tak, \u017ce nawet je\u015bli dot\u0105d gotowa\u0142a\u015b jedynie wod\u0119 na herbat\u0119, to sobie z nimi poradzisz<br \/>\n&#8211; szybkie, bez stania godzinami przy garach<br \/>\n&#8211; \u0142atwo dost\u0119pne sk\u0142adniki, z kt\u00f3rych zdecydowan\u0105 wi\u0119kszo\u015b\u0107 kupisz w Lidlu czy Biedronce<\/p>\n<p>3\ufe0f\u20e3 Dodatki<br \/>\n&#8211; jad\u0142ospis na pierwszy tydzie\u0144 weganizmu z list\u0105 zakup\u00f3w i moimi tipami na oszcz\u0119dno\u015b\u0107 czasu (robisz kopytka? zr\u00f3b podw\u00f3jn\u0105 porcj\u0119, jedn\u0105 zamro\u017a i zjedz innego dnia!)<br \/>\n&#8211; gotowe listy potraw na Wielkanoc, Bo\u017ce Narodzenie, imprez\u0119 oraz pomys\u0142y na lunchboxy (wszystko oczywi\u015bcie na bazie przepis\u00f3w z ksi\u0105\u017cki)<\/p>\n<p>Nadal zastanawiasz si\u0119, czy to co\u015b dla Ciebie?<\/p>\n<p>Odpowiedz sobie uczciwie na poni\u017csze pytania:<\/p>\n<p>\u2611\ufe0f Czy do tej pory jad\u0142a\u015b wszystko, ale weganizm to co\u015b, czego chcesz spr\u00f3bowa\u0107, albo chcesz je\u015b\u0107 mniej mi\u0119sa, nabia\u0142u, jajek &#8211; i nie wiesz jak to ugry\u017a\u0107?<\/p>\n<p>\u2611\ufe0f Czy jeste\u015b wegetariank\u0105 i chcesz zrezygnowa\u0107 z pozosta\u0142ych produkt\u00f3w odzwierz\u0119cych?<\/p>\n<p>\u2611\ufe0f A mo\u017ce jeste\u015b wegank\u0105 i lubisz mie\u0107 zawsze pod r\u0119k\u0105 pi\u0119kne wydane przepisy, kt\u00f3re s\u0105 proste i szybkie, z produkt\u00f3w, kt\u00f3re masz w domu?<\/p>\n<p>Je\u015bli na kt\u00f3re\u015b z pyta\u0144 odpowiedzia\u0142a\u015b TAK, ten ebook zdecydowanie jest dla Ciebie ?<\/p>\n","protected":false},"featured_media":6966,"comment_status":"open","ping_status":"closed","template":"","meta":[],"product_cat":[53],"product_tag":[],"yoast_head":"<!-- This site is optimized with the Yoast SEO plugin v20.9 - https:\/\/yoast.com\/wordpress\/plugins\/seo\/ -->\n<title>Ebook &quot;Weganizm? To proste!&quot; &ndash; SMART VEGAN<\/title>\n<meta name=\"description\" content=\"Jak przej\u015b\u0107 na weganizm? Jak ograniczy\u0107 mi\u0119so? Ten eBook jest instrukcj\u0105, odpowie Ci na to pytanie. Cz\u0119\u015b\u0107 poradnikowa, przepisy i jad\u0142ospis na tydzie\u0144\" \/>\n<meta name=\"robots\" content=\"index, follow, max-snippet:-1, max-image-preview:large, max-video-preview:-1\" \/>\n<link rel=\"canonical\" href=\"https:\/\/askarzeznik.pl\/sklep\/produkt\/ebook-weganizm-to-proste\/\" \/>\n<meta property=\"og:locale\" content=\"pl_PL\" \/>\n<meta property=\"og:type\" content=\"article\" \/>\n<meta property=\"og:title\" content=\"Ebook &quot;Weganizm? To proste!&quot; &ndash; SMART VEGAN\" \/>\n<meta property=\"og:description\" content=\"Jak przej\u015b\u0107 na weganizm? Jak ograniczy\u0107 mi\u0119so? Ten eBook jest instrukcj\u0105, odpowie Ci na to pytanie. Cz\u0119\u015b\u0107 poradnikowa, przepisy i jad\u0142ospis na tydzie\u0144\" \/>\n<meta property=\"og:url\" content=\"https:\/\/askarzeznik.pl\/sklep\/produkt\/ebook-weganizm-to-proste\/\" \/>\n<meta property=\"og:site_name\" content=\"SMART VEGAN\" \/>\n<meta property=\"article:publisher\" content=\"https:\/\/www.facebook.com\/mortycjacom\" \/>\n<meta property=\"article:modified_time\" content=\"2025-12-02T00:16:37+00:00\" \/>\n<meta property=\"og:image\" content=\"https:\/\/askarzeznik.pl\/sklep\/wp-content\/uploads\/2022\/09\/B613C86E-4DEA-4CDE-B43B-8124DBC19A84-719x1024.jpeg\" \/>\n\t<meta property=\"og:image:width\" content=\"719\" \/>\n\t<meta property=\"og:image:height\" content=\"1024\" \/>\n\t<meta property=\"og:image:type\" content=\"image\/jpeg\" \/>\n<meta name=\"twitter:card\" content=\"summary_large_image\" \/>\n<script type=\"application\/ld+json\" class=\"yoast-schema-graph\">{\"@context\":\"https:\/\/schema.org\",\"@graph\":[{\"@type\":\"WebPage\",\"@id\":\"https:\/\/askarzeznik.pl\/sklep\/produkt\/ebook-weganizm-to-proste\/\",\"url\":\"https:\/\/askarzeznik.pl\/sklep\/produkt\/ebook-weganizm-to-proste\/\",\"name\":\"Ebook \\\"Weganizm? To proste!\\\" &ndash; SMART VEGAN\",\"isPartOf\":{\"@id\":\"https:\/\/askarzeznik.pl\/sklep\/#website\"},\"datePublished\":\"2022-09-07T08:55:50+00:00\",\"dateModified\":\"2025-12-02T00:16:37+00:00\",\"description\":\"Jak przej\u015b\u0107 na weganizm? Jak ograniczy\u0107 mi\u0119so? Ten eBook jest instrukcj\u0105, odpowie Ci na to pytanie. Cz\u0119\u015b\u0107 poradnikowa, przepisy i jad\u0142ospis na tydzie\u0144\",\"breadcrumb\":{\"@id\":\"https:\/\/askarzeznik.pl\/sklep\/produkt\/ebook-weganizm-to-proste\/#breadcrumb\"},\"inLanguage\":\"pl-PL\",\"potentialAction\":[{\"@type\":\"ReadAction\",\"target\":[\"https:\/\/askarzeznik.pl\/sklep\/produkt\/ebook-weganizm-to-proste\/\"]}]},{\"@type\":\"BreadcrumbList\",\"@id\":\"https:\/\/askarzeznik.pl\/sklep\/produkt\/ebook-weganizm-to-proste\/#breadcrumb\",\"itemListElement\":[{\"@type\":\"ListItem\",\"position\":1,\"name\":\"Strona g\u0142\u00f3wna\",\"item\":\"https:\/\/askarzeznik.pl\/sklep\/\"},{\"@type\":\"ListItem\",\"position\":2,\"name\":\"Home\",\"item\":\"https:\/\/askarzeznik.pl\/sklep\/\"},{\"@type\":\"ListItem\",\"position\":3,\"name\":\"Ebook &#8222;Weganizm? To proste!&#8221;\"}]},{\"@type\":\"WebSite\",\"@id\":\"https:\/\/askarzeznik.pl\/sklep\/#website\",\"url\":\"https:\/\/askarzeznik.pl\/sklep\/\",\"name\":\"SMART VEGAN\",\"description\":\"Wykorzystaj sw\u00f3j spryt w kuchni ro\u015blinnej\",\"publisher\":{\"@id\":\"https:\/\/askarzeznik.pl\/sklep\/#organization\"},\"potentialAction\":[{\"@type\":\"SearchAction\",\"target\":{\"@type\":\"EntryPoint\",\"urlTemplate\":\"https:\/\/askarzeznik.pl\/sklep\/?s={search_term_string}\"},\"query-input\":\"required name=search_term_string\"}],\"inLanguage\":\"pl-PL\"},{\"@type\":\"Organization\",\"@id\":\"https:\/\/askarzeznik.pl\/sklep\/#organization\",\"name\":\"A\u015bka Rze\u017anik - blogerka wega\u0144ska\",\"url\":\"https:\/\/askarzeznik.pl\/sklep\/\",\"logo\":{\"@type\":\"ImageObject\",\"inLanguage\":\"pl-PL\",\"@id\":\"https:\/\/askarzeznik.pl\/sklep\/#\/schema\/logo\/image\/\",\"url\":\"https:\/\/askarzeznik.pl\/sklep\/wp-content\/uploads\/2020\/03\/logo.png\",\"contentUrl\":\"https:\/\/askarzeznik.pl\/sklep\/wp-content\/uploads\/2020\/03\/logo.png\",\"width\":575,\"height\":137,\"caption\":\"A\u015bka Rze\u017anik - blogerka wega\u0144ska\"},\"image\":{\"@id\":\"https:\/\/askarzeznik.pl\/sklep\/#\/schema\/logo\/image\/\"},\"sameAs\":[\"https:\/\/www.facebook.com\/mortycjacom\",\"https:\/\/www.instagram.com\/askarzeznik\/\"]}]}<\/script>\n<!-- \/ Yoast SEO plugin. -->","yoast_head_json":{"title":"Ebook \"Weganizm? To proste!\" &ndash; SMART VEGAN","description":"Jak przej\u015b\u0107 na weganizm? Jak ograniczy\u0107 mi\u0119so? Ten eBook jest instrukcj\u0105, odpowie Ci na to pytanie. Cz\u0119\u015b\u0107 poradnikowa, przepisy i jad\u0142ospis na tydzie\u0144","robots":{"index":"index","follow":"follow","max-snippet":"max-snippet:-1","max-image-preview":"max-image-preview:large","max-video-preview":"max-video-preview:-1"},"canonical":"https:\/\/askarzeznik.pl\/sklep\/produkt\/ebook-weganizm-to-proste\/","og_locale":"pl_PL","og_type":"article","og_title":"Ebook \"Weganizm? To proste!\" &ndash; SMART VEGAN","og_description":"Jak przej\u015b\u0107 na weganizm? Jak ograniczy\u0107 mi\u0119so? Ten eBook jest instrukcj\u0105, odpowie Ci na to pytanie. Cz\u0119\u015b\u0107 poradnikowa, przepisy i jad\u0142ospis na tydzie\u0144","og_url":"https:\/\/askarzeznik.pl\/sklep\/produkt\/ebook-weganizm-to-proste\/","og_site_name":"SMART VEGAN","article_publisher":"https:\/\/www.facebook.com\/mortycjacom","article_modified_time":"2025-12-02T00:16:37+00:00","og_image":[{"width":719,"height":1024,"url":"https:\/\/askarzeznik.pl\/sklep\/wp-content\/uploads\/2022\/09\/B613C86E-4DEA-4CDE-B43B-8124DBC19A84-719x1024.jpeg","type":"image\/jpeg"}],"twitter_card":"summary_large_image","schema":{"@context":"https:\/\/schema.org","@graph":[{"@type":"WebPage","@id":"https:\/\/askarzeznik.pl\/sklep\/produkt\/ebook-weganizm-to-proste\/","url":"https:\/\/askarzeznik.pl\/sklep\/produkt\/ebook-weganizm-to-proste\/","name":"Ebook \"Weganizm? To proste!\" &ndash; SMART VEGAN","isPartOf":{"@id":"https:\/\/askarzeznik.pl\/sklep\/#website"},"datePublished":"2022-09-07T08:55:50+00:00","dateModified":"2025-12-02T00:16:37+00:00","description":"Jak przej\u015b\u0107 na weganizm? Jak ograniczy\u0107 mi\u0119so? Ten eBook jest instrukcj\u0105, odpowie Ci na to pytanie. Cz\u0119\u015b\u0107 poradnikowa, przepisy i jad\u0142ospis na tydzie\u0144","breadcrumb":{"@id":"https:\/\/askarzeznik.pl\/sklep\/produkt\/ebook-weganizm-to-proste\/#breadcrumb"},"inLanguage":"pl-PL","potentialAction":[{"@type":"ReadAction","target":["https:\/\/askarzeznik.pl\/sklep\/produkt\/ebook-weganizm-to-proste\/"]}]},{"@type":"BreadcrumbList","@id":"https:\/\/askarzeznik.pl\/sklep\/produkt\/ebook-weganizm-to-proste\/#breadcrumb","itemListElement":[{"@type":"ListItem","position":1,"name":"Strona g\u0142\u00f3wna","item":"https:\/\/askarzeznik.pl\/sklep\/"},{"@type":"ListItem","position":2,"name":"Home","item":"https:\/\/askarzeznik.pl\/sklep\/"},{"@type":"ListItem","position":3,"name":"Ebook &#8222;Weganizm? To proste!&#8221;"}]},{"@type":"WebSite","@id":"https:\/\/askarzeznik.pl\/sklep\/#website","url":"https:\/\/askarzeznik.pl\/sklep\/","name":"SMART VEGAN","description":"Wykorzystaj sw\u00f3j spryt w kuchni ro\u015blinnej","publisher":{"@id":"https:\/\/askarzeznik.pl\/sklep\/#organization"},"potentialAction":[{"@type":"SearchAction","target":{"@type":"EntryPoint","urlTemplate":"https:\/\/askarzeznik.pl\/sklep\/?s={search_term_string}"},"query-input":"required name=search_term_string"}],"inLanguage":"pl-PL"},{"@type":"Organization","@id":"https:\/\/askarzeznik.pl\/sklep\/#organization","name":"A\u015bka Rze\u017anik - blogerka wega\u0144ska","url":"https:\/\/askarzeznik.pl\/sklep\/","logo":{"@type":"ImageObject","inLanguage":"pl-PL","@id":"https:\/\/askarzeznik.pl\/sklep\/#\/schema\/logo\/image\/","url":"https:\/\/askarzeznik.pl\/sklep\/wp-content\/uploads\/2020\/03\/logo.png","contentUrl":"https:\/\/askarzeznik.pl\/sklep\/wp-content\/uploads\/2020\/03\/logo.png","width":575,"height":137,"caption":"A\u015bka Rze\u017anik - blogerka wega\u0144ska"},"image":{"@id":"https:\/\/askarzeznik.pl\/sklep\/#\/schema\/logo\/image\/"},"sameAs":["https:\/\/www.facebook.com\/mortycjacom","https:\/\/www.instagram.com\/askarzeznik\/"]}]}},"_links":{"self":[{"href":"https:\/\/askarzeznik.pl\/sklep\/wp-json\/wp\/v2\/product\/4538"}],"collection":[{"href":"https:\/\/askarzeznik.pl\/sklep\/wp-json\/wp\/v2\/product"}],"about":[{"href":"https:\/\/askarzeznik.pl\/sklep\/wp-json\/wp\/v2\/types\/product"}],"replies":[{"embeddable":true,"href":"https:\/\/askarzeznik.pl\/sklep\/wp-json\/wp\/v2\/comments?post=4538"}],"wp:featuredmedia":[{"embeddable":true,"href":"https:\/\/askarzeznik.pl\/sklep\/wp-json\/wp\/v2\/media\/6966"}],"wp:attachment":[{"href":"https:\/\/askarzeznik.pl\/sklep\/wp-json\/wp\/v2\/media?parent=4538"}],"wp:term":[{"taxonomy":"product_cat","embeddable":true,"href":"https:\/\/askarzeznik.pl\/sklep\/wp-json\/wp\/v2\/product_cat?post=4538"},{"taxonomy":"product_tag","embeddable":true,"href":"https:\/\/askarzeznik.pl\/sklep\/wp-json\/wp\/v2\/product_tag?post=4538"}],"curies":[{"name":"wp","href":"https:\/\/api.w.org\/{rel}","templated":true}]}}